{"id":750,"date":"2013-02-21T13:15:47","date_gmt":"2013-02-21T13:15:47","guid":{"rendered":"https:\/\/crs.hi.is\/?page_id=750"},"modified":"2013-02-21T13:21:49","modified_gmt":"2013-02-21T13:21:49","slug":"formosat-2","status":"publish","type":"page","link":"https:\/\/crs.hi.is\/?page_id=750","title":{"rendered":"FormoSAT-2"},"content":{"rendered":"<p><strong>What is this data?<\/strong><\/p>\n<p dir=\"LTR\">FormoSAT-2 is Taiwanese satellite with optical sensors. These sensors obtain:<\/p>\n<ul>\n<li>A panchromatic band (450-900 nm) with 2 m pixel size<\/li>\n<li><span style=\"font-family: Calibri;\">Four multispectral bands; 450-520 nm (blue), 520-600 nm (green), 630-690 nm (red) and 760-900 nm (near-infrared) with a resolution of 8 m\/pixel.<\/span><\/li>\n<\/ul>\n<p><strong>Where is it available?<\/strong><\/p>\n<p>Some images of Brei\u00f0amerkurj\u00f6kull outlet glacier (S-Vatnaj\u00f6kull) are available at IES. Requests to use\u00a0 that data should be sent to eyjolfm@hi.is.<\/p>\n<p><strong>References:<\/strong><\/p>\n<p><span style=\"font-family: Calibri;\"><a href=\"http:\/\/www.astrium-geo.com\/en\/160-formosat-2\">http:\/\/www.astrium-geo.com\/en\/160-formosat-2<\/a><\/span><\/p>\n<p><strong>Users:<\/strong><\/p>\n<ul>\n<li><a title=\"Eyj\u00f3lfur Magn\u00fasson\" href=\"https:\/\/crs.hi.is\/?page_id=155\">Eyj\u00f3lfur Magn\u00fasson<\/a><\/li>\n<li><a title=\"Finnur P\u00e1lsson\" href=\"https:\/\/crs.hi.is\/?page_id=159\">Finnur P\u00e1lsson<\/a><\/li>\n<li><a title=\"Sverrir Gu\u00f0mundsson\" href=\"https:\/\/crs.hi.is\/?page_id=150\">Sverrir Gu\u00f0mundsson<\/a><\/li>\n<\/ul>\n","protected":false},"excerpt":{"rendered":"<p>What is this data? FormoSAT-2 is Taiwanese satellite with optical sensors. These sensors obtain: A panchromatic band (450-900 nm) with 2 m pixel size Four multispectral bands; 450-520 nm (blue), 520-600 nm (green), 630-690 nm (red) and 760-900 nm (near-infrared) &hellip; <a href=\"https:\/\/crs.hi.is\/?page_id=750\">Continue reading <span class=\"meta-nav\">&rarr;<\/span><\/a><\/p>\n","protected":false},"author":3,"featured_media":0,"parent":448,"menu_order":0,"comment_status":"closed","ping_status":"closed","template":"","meta":{"footnotes":""},"_links":{"self":[{"href":"https:\/\/crs.hi.is\/index.php?rest_route=\/wp\/v2\/pages\/750"}],"collection":[{"href":"https:\/\/crs.hi.is\/index.php?rest_route=\/wp\/v2\/pages"}],"about":[{"href":"https:\/\/crs.hi.is\/index.php?rest_route=\/wp\/v2\/types\/page"}],"author":[{"embeddable":true,"href":"https:\/\/crs.hi.is\/index.php?rest_route=\/wp\/v2\/users\/3"}],"replies":[{"embeddable":true,"href":"https:\/\/crs.hi.is\/index.php?rest_route=%2Fwp%2Fv2%2Fcomments&post=750"}],"version-history":[{"count":4,"href":"https:\/\/crs.hi.is\/index.php?rest_route=\/wp\/v2\/pages\/750\/revisions"}],"predecessor-version":[{"id":756,"href":"https:\/\/crs.hi.is\/index.php?rest_route=\/wp\/v2\/pages\/750\/revisions\/756"}],"up":[{"embeddable":true,"href":"https:\/\/crs.hi.is\/index.php?rest_route=\/wp\/v2\/pages\/448"}],"wp:attachment":[{"href":"https:\/\/crs.hi.is\/index.php?rest_route=%2Fwp%2Fv2%2Fmedia&parent=750"}],"curies":[{"name":"wp","href":"https:\/\/api.w.org\/{rel}","templated":true}]}}