{"id":379,"date":"2012-11-26T11:09:41","date_gmt":"2012-11-26T11:09:41","guid":{"rendered":"https:\/\/crs.hi.is\/?page_id=379"},"modified":"2019-04-26T15:48:08","modified_gmt":"2019-04-26T15:48:08","slug":"volcanic-systems-and-fissure-swarm-and-fracture-database","status":"publish","type":"page","link":"https:\/\/crs.hi.is\/?page_id=379","title":{"rendered":"Volcanic systems and fissure swarm  and fracture database"},"content":{"rendered":"<p><strong>What is this data ?<\/strong><\/p>\n<p>These databases include detailed mapping of fractures and eruptive fissures of many of the fissure swarms and fracture systems in Iceland.\u00a0 Databases available include:<\/p>\n<ul>\n<li>The South Iceland Seismic Zone<\/li>\n<li>The Northern Volcanic Zone<\/li>\n<li>Parts of the Tj\u00f6rnes Fracture Zone<\/li>\n<li>The H\u00fasav\u00edk \u2013 Flatey faults<\/li>\n<li>The Reykjanes Peninsula Oblique Rift<\/li>\n<li>The Tungnafellsj\u00f6kull fissure swarm (Central Iceland)<\/li>\n<\/ul>\n<p><strong>Where is it available?<\/strong>\u00a0 Users of the databases have access to them.<\/p>\n<p><strong>References: \u00a0\u00a0<\/strong><\/p>\n<p>Bj\u00f6rnsd\u00f3ttir, 2012. The fissure swarm of Tungnafellsj\u00f6kull: Recent movements, M.Sc. thesis, Faculty of Earth Sciences. University of Iceland, Reykjav\u00edk.<\/p>\n<p>Bj\u00f6rnsd\u00f3ttir, Einarsson, P., (submitted 2012). Evidence of recent movements in the Tungnafellsj\u00f6kull fissure swarm in the Central Volcanic Zone, Iceland. J\u00f6kull.<\/p>\n<p>Clifton, A.E., Kattenhorn, S.A., 2006. Structural architecture of a highly oblique divergent plate boundary segment. Tectonophysics 419, 27-40.<\/p>\n<p>Clifton, A.E., Schlische, R.W., 2003. Fracture populations on the Reykjanes Peninsula, Iceland: Comparison with experimental clay models of oblique rifting. J Geophys Res-Solid Earth 108, 17.<\/p>\n<p>Einarsson, P., 2010. Mapping of Holocene surface ruptures in the South Iceland Seismic Zone. J\u00f6kull 60, 117-134.<\/p>\n<p>Hjartard\u00f3ttir, A.R., Einarsson, P., Bramham, E., Wright, T.J., 2012. The Krafla fissure swarm, Iceland and its formation by rifting events. Bull. Volcanol. 74, 2139-2153.<\/p>\n<p>Hjartard\u00f3ttir, \u00c1.R., 2008. The fissure swarm of the Askja central volcano. M.Sc. thesis, University of Iceland.<\/p>\n<p>Hjartard\u00f3ttir, \u00c1.R., Einarsson, P., 2012. The Kverkfj\u00f6ll fissure swarm and the eastern boundary of the Northern Volcanic Rift Zone, Iceland. Bull Volcanol 74, 143-162.<\/p>\n<p>Hjartard\u00f3ttir, \u00c1.R., Einarsson, P., Brandsd\u00f3ttir, B., 2010. The Kerlingar fault, Northeast Iceland: A Holocene normal fault east of the divergent plate boundary. J\u00f6kull 60, 103-116.<\/p>\n<p>Hjartard\u00f3ttir, \u00c1.R., Einarsson, P., Sigur\u00f0sson, H., 2009. The fissure swarm of the Askja volcanic system along the divergent plate boundary of N Iceland. Bull Volcanol 71, 961-975.<\/p>\n<p>Magn\u00fasd\u00f3ttir, S., Brandsd\u00f3ttir, B., 2011. Tectonics of the \u00deeistareykir fissure swarm. J\u00f6kull 61, 65-79.<\/p>\n<p><strong>\u00a0Users:<\/strong><\/p>\n<ul>\n<li><a title=\"\u00c1sta Rut Hjartard\u00f3ttir\" href=\"https:\/\/crs.hi.is\/?page_id=214\">\u00c1sta Rut Hjartard\u00f3ttir\u00a0<\/a><\/li>\n<li><a title=\"Gro B. M. Pedersen\" href=\"https:\/\/crs.hi.is\/?page_id=31\">Gro B. M. Pedersen<\/a><\/li>\n<li>P\u00e1ll Einarsson<\/li>\n<\/ul>\n","protected":false},"excerpt":{"rendered":"<p>What is this data ? These databases include detailed mapping of fractures and eruptive fissures of many of the fissure swarms and fracture systems in Iceland.\u00a0 Databases available include: The South Iceland Seismic Zone The Northern Volcanic Zone Parts of &hellip; <a href=\"https:\/\/crs.hi.is\/?page_id=379\">Continue reading <span class=\"meta-nav\">&rarr;<\/span><\/a><\/p>\n","protected":false},"author":3,"featured_media":0,"parent":400,"menu_order":0,"comment_status":"closed","ping_status":"closed","template":"","meta":{"footnotes":""},"_links":{"self":[{"href":"https:\/\/crs.hi.is\/index.php?rest_route=\/wp\/v2\/pages\/379"}],"collection":[{"href":"https:\/\/crs.hi.is\/index.php?rest_route=\/wp\/v2\/pages"}],"about":[{"href":"https:\/\/crs.hi.is\/index.php?rest_route=\/wp\/v2\/types\/page"}],"author":[{"embeddable":true,"href":"https:\/\/crs.hi.is\/index.php?rest_route=\/wp\/v2\/users\/3"}],"replies":[{"embeddable":true,"href":"https:\/\/crs.hi.is\/index.php?rest_route=%2Fwp%2Fv2%2Fcomments&post=379"}],"version-history":[{"count":9,"href":"https:\/\/crs.hi.is\/index.php?rest_route=\/wp\/v2\/pages\/379\/revisions"}],"predecessor-version":[{"id":1283,"href":"https:\/\/crs.hi.is\/index.php?rest_route=\/wp\/v2\/pages\/379\/revisions\/1283"}],"up":[{"embeddable":true,"href":"https:\/\/crs.hi.is\/index.php?rest_route=\/wp\/v2\/pages\/400"}],"wp:attachment":[{"href":"https:\/\/crs.hi.is\/index.php?rest_route=%2Fwp%2Fv2%2Fmedia&parent=379"}],"curies":[{"name":"wp","href":"https:\/\/api.w.org\/{rel}","templated":true}]}}