{"id":117,"date":"2012-03-23T09:55:29","date_gmt":"2012-03-23T09:55:29","guid":{"rendered":"https:\/\/crs.hi.is\/?page_id=117"},"modified":"2022-03-17T20:44:27","modified_gmt":"2022-03-17T20:44:27","slug":"arcgis","status":"publish","type":"page","link":"https:\/\/crs.hi.is\/?page_id=117","title":{"rendered":"ArcGIS"},"content":{"rendered":"<p>ArcGIS can be accessed either by:<\/p>\n<ul>\n<li><a href=\"http:\/\/www.hi.is\/node\/3907\" target=\"_blank\" rel=\"noopener noreferrer\">room 264 in Askja<\/a><\/li>\n<li>Downloading ArcGIS : Instructions can be found <a href=\"https:\/\/ugla.hi.is\/kerfi\/view\/page.php?sid=2042\" target=\"_blank\" rel=\"noopener noreferrer\">here<\/a><\/li>\n<\/ul>\n<p>otherwise it can be recommended to by a 1 yr\u00a0license from <a href=\"http:\/\/www.samsyn.is\/\">S\u00e1msyn<\/a><\/p>\n<p>People using ArcGIS include:<\/p>\n<ul>\n<li><a title=\"\u00c1sta Rut Hjartard\u00f3ttir\" href=\"https:\/\/crs.hi.is\/?page_id=214\">\u00c1sta Rut Hjartard\u00f3ttir<\/a><\/li>\n<li><a href=\"https:\/\/crs.hi.is\/?page_id=1290\">Benjamin D. Hennig<\/a><\/li>\n<li><a href=\"https:\/\/crs.hi.is\/?page_id=1650\">Darri Eythorsson<\/a><\/li>\n<li><a title=\"Gro B. M. Pedersen\" href=\"https:\/\/crs.hi.is\/?page_id=31\">Gro B. M. Pedersen<\/a><\/li>\n<\/ul>\n","protected":false},"excerpt":{"rendered":"<p>ArcGIS can be accessed either by: room 264 in Askja Downloading ArcGIS : Instructions can be found here otherwise it can be recommended to by a 1 yr\u00a0license from S\u00e1msyn People using ArcGIS include: \u00c1sta Rut Hjartard\u00f3ttir Benjamin D. Hennig &hellip; <a href=\"https:\/\/crs.hi.is\/?page_id=117\">Continue reading <span class=\"meta-nav\">&rarr;<\/span><\/a><\/p>\n","protected":false},"author":3,"featured_media":0,"parent":29,"menu_order":0,"comment_status":"closed","ping_status":"closed","template":"","meta":{"footnotes":""},"class_list":["post-117","page","type-page","status-publish","hentry"],"_links":{"self":[{"href":"https:\/\/crs.hi.is\/index.php?rest_route=\/wp\/v2\/pages\/117","targetHints":{"allow":["GET"]}}],"collection":[{"href":"https:\/\/crs.hi.is\/index.php?rest_route=\/wp\/v2\/pages"}],"about":[{"href":"https:\/\/crs.hi.is\/index.php?rest_route=\/wp\/v2\/types\/page"}],"author":[{"embeddable":true,"href":"https:\/\/crs.hi.is\/index.php?rest_route=\/wp\/v2\/users\/3"}],"replies":[{"embeddable":true,"href":"https:\/\/crs.hi.is\/index.php?rest_route=%2Fwp%2Fv2%2Fcomments&post=117"}],"version-history":[{"count":15,"href":"https:\/\/crs.hi.is\/index.php?rest_route=\/wp\/v2\/pages\/117\/revisions"}],"predecessor-version":[{"id":2177,"href":"https:\/\/crs.hi.is\/index.php?rest_route=\/wp\/v2\/pages\/117\/revisions\/2177"}],"up":[{"embeddable":true,"href":"https:\/\/crs.hi.is\/index.php?rest_route=\/wp\/v2\/pages\/29"}],"wp:attachment":[{"href":"https:\/\/crs.hi.is\/index.php?rest_route=%2Fwp%2Fv2%2Fmedia&parent=117"}],"curies":[{"name":"wp","href":"https:\/\/api.w.org\/{rel}","templated":true}]}}